ppose 4*w = 5*f + 4 + 20, -3*w = -a*f - 13. What is the units digit of w?
1
Let u = 97 - 54. What is the units digit of u?
3
Let r(d) = -7*d + 4. Let t be r(3). Let h = -15 - -7. Let y = h - t. What is the units digit of y?
9
What is the tens digit of (-1)/2 + 420/8?
5
Let k = -35 - -120. What is the tens digit of k?
8
Suppose 3*c = 16 + 23. Suppose -1 + c = 3*b. Let w(z) = z**3 - 2*z**2 - 5*z - 3. What is the units digit of w(b)?
9
Let v = 5 - 33. Suppose 0*r - r = -2*b + 12, 3*r + 58 = -5*b. Let h = r - v. What is the units digit of h?
2
Suppose 32*r + 736 = 36*r. What is the units digit of r?
4
Let c(b) = -b**2 + 8*b - 10. Let f be c(7). What is the units digit of 15/4 + f/(-12)?
4
Let q(f) = -f**2 - f + 1. Let g be q(-1). What is the tens digit of g + (10 - (-4 - -3))?
1
Let x = -15 - -15. Suppose -5*b - 3*g + 105 = x, -b = -2*b + 5*g + 49. What is the tens digit of b?
2
Suppose 7*n - 24 = n. Suppose 3*x + 3 = p, 3*p - 2*x = -2*p + 2. Let h = p + n. What is the units digit of h?
4
Let o = -34 - -54. Let b = -1 + o. What is the units digit of b?
9
Let k = 185 + -30. What is the tens digit of k?
5
Suppose 4*f - 17 = c + 50, -70 = -5*f + 4*c. What is the units digit of f?
8
Suppose 4*l + 468 = 8*l. What is the hundreds digit of l?
1
Let l be 14/7*(5 + -1). Suppose -43 + l = -5*i. What is the units digit of i?
7
Let n(f) = -f**3 + 4*f**2 - 5*f + 3. Let v be n(3). Let i be 8/12 - 10/v. What is the units digit of i/12 + 4/6?
1
Let z = -33 + 71. Let s = z + -18. Suppose 5 = -5*o + s. What is the units digit of o?
3
Let o(j) = -j**3 + 3*j**2 - 4*j + 1. Let m be o(3). Let w = m - -43. Suppose -3*s = -4*z + 19, z + 4*z - w = s. What is the units digit of z?
7
Let k(z) = 4*z + 4. Let d be k(-4). What is the units digit of (-3)/12*-4 - d?
3
Suppose -7*i = -6*i - 66. What is the units digit of i?
6
Let o(x) = -7*x**2 + 6 + 3*x**3 - 4*x**3 + 0*x - x - 2*x. Let s be o(-6). What is the units digit of s/(-7) + 8/28?
2
Suppose 3*t - 293 = 4*d, 0*t - 2*d + 186 = 2*t. What is the units digit of t?
5
Let f(j) = 2*j**3 - 6*j**2 + 5. What is the units digit of f(4)?
7
Let m be 4/2*4/8. Let j = m + 0. What is the units digit of (j - -4)*(2 - 1)?
5
Let d(r) = -3*r - 19. What is the tens digit of d(-13)?
2
Suppose 5 = 2*u - 3*w, w + 11 = 3*u - 0. What is the units digit of ((-21)/(-6))/(1/u)?
4
Let b be -2 - (9/1)/3. Let q = b - -17. What is the units digit of (q/(-2))/((-3)/2)?
4
Suppose 2*d - 4*l + 6 = 18, l + 1 = 0. What is the units digit of 210/66 + d/(-22)?
3
Suppose -124 = -3*c - 2*c + 4*n, 2*c = 4*n + 40. What is the tens digit of c?
2
Suppose -3*b = -y - y - 19, 2*y - 4*b = -24. Let a be 15 - y/(-6)*0. Suppose -3*r = 2*r - a. What is the units digit of r?
3
Let g(t) = -37*t - 7. Let w be g(-6). Suppose 3*q = -2*q + w. What is the tens digit of q?
4
Let d = 164 + -98. What is the tens digit of d?
6
Let a be 4 + (2 - 4 - -4). Let w(x) = x**2 - 6*x + 2. Let g be w(6). Suppose -g*q + a*q - 16 = 0. What is the units digit of q?
4
Let n(c) = 8*c + 25. What is the tens digit of n(15)?
4
Let b(t) = 5*t + 5 + 2 + 4*t + t**2. Let f be b(-10). Suppose -2*o + f + 9 = 5*v, -2*v + 20 = -4*o. What is the units digit of v?
6
Let q be (-1 - 27) + 3 + 0. Let p = q + 36. What is the tens digit of p?
1
Let o = 10 - 7. Let f = -9 + o. What is the units digit of (-8)/f + (-2)/(-3)?
2
Suppose -2*w + 260 = 3*w. What is the tens digit of w?
5
Suppose -3*q = q. Suppose c - 5*r - 31 = 0, q = c - r + 4*r - 15. What is the tens digit of c?
2
Let o be 0 + (20/4 - 2). Suppose -4*u + 139 = -5*g, 5*g = -0*u - o*u + 148. What is the tens digit of u?
4
Suppose -3 = 3*k, q - 3*q = 2*k - 134. What is the tens digit of q?
6
Let p = -10 + 5. Let i be (-1)/(-2)*-2*p. Suppose i*o - o = 40. What is the tens digit of o?
1
Let f = 8 + -5. What is the tens digit of -2 + 21 + (f - 4)?
1
Suppose 11*p = 13*p - 14. What is the units digit of p?
7
Let p = 3 - -37. What is the units digit of p?
0
Suppose -f + 3 = -2*f, -4*y - 4*f = -1184. Suppose -11 - y = 5*v. What is the units digit of (-5)/(-10) - v/4?
6
Let s(y) = -y**2 + 8*y + 4. Let p be s(8). Suppose -p - 17 = -k. What is the units digit of k?
1
Suppose 0 = 2*d - 15 + 71. Let j = d + 50. What is the tens digit of j?
2
Suppose 54 + 30 = 7*p. What is the units digit of p?
2
What is the units digit of (-1*1)/((-4)/144)?
6
Suppose h = 4*h. Suppose 3*z - 29 + 8 = h. What is the units digit of z?
7
Let f(i) = 6*i**2 - i - 1. Let h be f(-2). Suppose 3*n - 8*n = -h. What is the units digit of n?
5
Suppose -9 = -2*m + 5*m. Let p(a) be the third derivative of -a**4/4 - 2*a**3/3 - 3*a**2. What is the units digit of p(m)?
4
Suppose -4*o - v - 94 = -3*v, 5*o + 2*v = -95. Let p = o + -19. What is the tens digit of p/12*24/(-5)?
1
Let a = 11 + 10. What is the units digit of a?
1
Suppose -6 = -2*j - 0*j. Suppose 0 = j*r + 3*q - 35 - 7, q + 51 = 4*r. What is the units digit of r?
3
Let b(h) = -5*h - 1. Suppose 15 = -l - 4*l. What is the tens digit of b(l)?
1
Let u = 3 + 1. Suppose 2*z - 2 = u. Suppose z*m = -0*m + 9. What is the units digit of m?
3
Let m be -1 - (2 - (3 - 2)). Let g be ((-12)/5)/(m/5). Let h(b) = 2*b - 2. What is the units digit of h(g)?
0
Suppose 0*i + 3*i - 9 = 0. Suppose -i*a + 4 = -a. What is the units digit of a?
2
Suppose i - 154 = -5*r, 5*i = -3*r + r + 816. What is the tens digit of i?
6
Suppose 4*z = 3*c - 102, 0*z - 4*z = c + 94. Let w = z - -38. What is the tens digit of w?
1
Let v(x) = x**2 + 14*x - 6. What is the units digit of v(-16)?
6
Suppose q + 59 = 2*q. What is the tens digit of q?
5
Suppose 0 = 2*j - j + 22. What is the units digit of (-4)/j - 848/(-176)?
5
What is the tens digit of (6/(-5))/((-12)/160)?
1
Suppose 8*v - 532 = 3*v - p, 3*p + 524 = 5*v. What is the units digit of v?
6
Let w = 3 + 0. Suppose 0 = 2*c - w*c + 14. What is the tens digit of c?
1
Suppose 28 + 42 = 5*c. Let h = 33 - c. What is the units digit of h?
9
Let a(p) = 2*p + 6. Let o(r) = -2*r. Let f be o(2). Let n be a(f). What is the units digit of ((-3)/6 - 0)*n?
1
Let z be ((-6)/(-2))/((-15)/110). Let m = -1 - z. What is the units digit of m?
1
What is the units digit of (-12)/(-15)*10/4?
2
Suppose -2*x - 4*g + 31 = -43, 4*x + 5*g - 133 = 0. What is the tens digit of x?
2
Let p be -4 - (0 - (-3 - -1)). Let t be p/(-12)*(7 + -1). What is the units digit of 0 + t - (-20)/5?
7
Let n(t) = -1 - 5*t - 13*t - 9*t. Let z be n(-1). Let g = -17 + z. What is the units digit of g?
9
Let i be 32/18 - (-4)/18. Suppose 4 - 17 = 2*r - 5*x, 2*x = -i*r + 8. What is the units digit of r?
1
Let j(u) = u**2 - 4*u + 5. Let w be j(4). Suppose -c - w*i = -42, -5*c - 3*i - i = -168. What is the tens digit of c?
3
Let d(s) = -s**2 - 9*s - 8. Let h be 2/(-10) - 102/15. Let w be d(h). Let n = w + -3. What is the units digit of n?
3
Let u be (-8 - -11)*10/(-6). Let d be (u - -6)*(-14)/(-1). Suppose a = 2*r - 31, 3*r + d = 2*a + 62. What is the tens digit of r?
1
Suppose y - 1 = b, b + 3 = 2*y - 2. Suppose 0 = -5*r - 10, 4*l + b = 5*r + 57. What is the tens digit of l?
1
Suppose 4*v = t - 5 + 222, 5*v - 2*t = 269. What is the tens digit of v?
5
Let x = 3 - -2. Suppose x*t + 2*j - 13 = 0, 4*j - 2*j + 11 = 3*t. Suppose -f + t = -2. What is the units digit of f?
5
Suppose 5*p - 3*b - 1008 = -203, -p + 5*b + 183 = 0. What is the units digit of p?
8
Let m(j) be the second derivative of -j**3/3 - j**2/2 + j. What is the units digit of m(-8)?
5
Let d = 2 - -2. Let v be ((-15)/12)/((-1)/d). What is the units digit of -1 + v + 4/(-4)?
3
Let g be 142/(-6) + 10/(-30). What is the units digit of (-304)/g*(-6)/(-4)?
9
Suppose -2*n + n = 5*w - 3, -2*w = n - 3. What is the units digit of (-2 + -1)*(-4)/n?
4
Let y be ((-3)/9)/((-1)/21). Let x(s) be the third derivative of -s**6/120 + s**5/10 + 3*s**4/8 + s**3/6 + 2*s**2. What is the units digit of x(y)?
5
Let z(o) = o**2 - 5. Let w be z(-5). Let r = w + -2. What is the tens digit of r?
1
Suppose -3*t + 6 + 3 = 0. Suppose 0 = -2*c + 4*h + 84, -c - 5*h + t*h = -38. What is the tens digit of c?
4
Let z = -238 - -388. What is the tens digit of z?
5
Let y(q) = -24*q + 12*q + 15*q + 2. What is the units digit of y(6)?
0
Suppose -5*h - 2*r + 225 = 0, -168 = -3*h + 4*r - 33. What is the units digit of h?
5
Suppose 25 = 3*y + 2*y. Suppose -4 = y*t - 24. Supp